{"id":36,"date":"2014-04-17T12:34:01","date_gmt":"2014-04-17T10:34:01","guid":{"rendered":"http:\/\/uksopty.pl\/?page_id=36"},"modified":"2014-04-17T13:02:00","modified_gmt":"2014-04-17T11:02:00","slug":"zawodnicy","status":"publish","type":"page","link":"http:\/\/uksopty.pl\/?page_id=36","title":{"rendered":"Zawodnicy"},"content":{"rendered":"<h3>A tak si\u0119 prezentuj\u0105 nasi najm\u0142odsi zawodnicy:<\/h3>\n<p><a href=\"http:\/\/uksopty.pl\/wp-content\/uploads\/2014\/04\/judo-I.jpg\"><img loading=\"lazy\" decoding=\"async\" class=\"alignnone size-medium wp-image-48\" alt=\"judo-I\" src=\"http:\/\/uksopty.pl\/wp-content\/uploads\/2014\/04\/judo-I-300x225.jpg\" width=\"300\" height=\"225\" srcset=\"http:\/\/uksopty.pl\/wp-content\/uploads\/2014\/04\/judo-I-300x225.jpg 300w, http:\/\/uksopty.pl\/wp-content\/uploads\/2014\/04\/judo-I.jpg 800w\" sizes=\"auto, (max-width: 300px) 100vw, 300px\" \/><\/a> <a href=\"http:\/\/uksopty.pl\/wp-content\/uploads\/2014\/04\/judo-II.jpg\"><img loading=\"lazy\" decoding=\"async\" class=\"alignnone size-medium wp-image-49\" alt=\"judo-II\" src=\"http:\/\/uksopty.pl\/wp-content\/uploads\/2014\/04\/judo-II-300x225.jpg\" width=\"300\" height=\"225\" srcset=\"http:\/\/uksopty.pl\/wp-content\/uploads\/2014\/04\/judo-II-300x225.jpg 300w, http:\/\/uksopty.pl\/wp-content\/uploads\/2014\/04\/judo-II.jpg 800w\" sizes=\"auto, (max-width: 300px) 100vw, 300px\" \/><\/a><\/p>\n<p><a href=\"http:\/\/uksopty.pl\/wp-content\/uploads\/2014\/04\/judo-III.jpg\"><img loading=\"lazy\" decoding=\"async\" class=\"alignnone size-medium wp-image-50\" alt=\"judo-III\" src=\"http:\/\/uksopty.pl\/wp-content\/uploads\/2014\/04\/judo-III-300x225.jpg\" width=\"300\" height=\"225\" srcset=\"http:\/\/uksopty.pl\/wp-content\/uploads\/2014\/04\/judo-III-300x225.jpg 300w, http:\/\/uksopty.pl\/wp-content\/uploads\/2014\/04\/judo-III.jpg 800w\" sizes=\"auto, (max-width: 300px) 100vw, 300px\" \/><\/a> <a href=\"http:\/\/uksopty.pl\/wp-content\/uploads\/2014\/04\/judo-IV.jpg\"><img loading=\"lazy\" decoding=\"async\" class=\"alignnone size-medium wp-image-51\" alt=\"judo-IV\" src=\"http:\/\/uksopty.pl\/wp-content\/uploads\/2014\/04\/judo-IV-300x225.jpg\" width=\"300\" height=\"225\" srcset=\"http:\/\/uksopty.pl\/wp-content\/uploads\/2014\/04\/judo-IV-300x225.jpg 300w, http:\/\/uksopty.pl\/wp-content\/uploads\/2014\/04\/judo-IV.jpg 800w\" sizes=\"auto, (max-width: 300px) 100vw, 300px\" \/><\/a><\/p>\n<p><a href=\"http:\/\/uksopty.pl\/wp-content\/uploads\/2014\/04\/judo-V.jpg\"><img loading=\"lazy\" decoding=\"async\" class=\"alignnone size-medium wp-image-52\" alt=\"judo-V\" src=\"http:\/\/uksopty.pl\/wp-content\/uploads\/2014\/04\/judo-V-300x225.jpg\" width=\"300\" height=\"225\" srcset=\"http:\/\/uksopty.pl\/wp-content\/uploads\/2014\/04\/judo-V-300x225.jpg 300w, http:\/\/uksopty.pl\/wp-content\/uploads\/2014\/04\/judo-V.jpg 800w\" sizes=\"auto, (max-width: 300px) 100vw, 300px\" \/><\/a> <a href=\"http:\/\/uksopty.pl\/wp-content\/uploads\/2014\/04\/judo-VI.jpg\"><img loading=\"lazy\" decoding=\"async\" class=\"alignnone size-medium wp-image-54\" alt=\"judo-VI\" src=\"http:\/\/uksopty.pl\/wp-content\/uploads\/2014\/04\/judo-VI-300x225.jpg\" width=\"300\" height=\"225\" srcset=\"http:\/\/uksopty.pl\/wp-content\/uploads\/2014\/04\/judo-VI-300x225.jpg 300w, http:\/\/uksopty.pl\/wp-content\/uploads\/2014\/04\/judo-VI.jpg 800w\" sizes=\"auto, (max-width: 300px) 100vw, 300px\" \/><\/a><\/p>\n","protected":false},"excerpt":{"rendered":"<p>A tak si\u0119 prezentuj\u0105 nasi najm\u0142odsi zawodnicy:<\/p>\n","protected":false},"author":2,"featured_media":0,"parent":0,"menu_order":0,"comment_status":"closed","ping_status":"open","template":"","meta":{"footnotes":""},"class_list":["post-36","page","type-page","status-publish","hentry"],"_links":{"self":[{"href":"http:\/\/uksopty.pl\/index.php?rest_route=\/wp\/v2\/pages\/36","targetHints":{"allow":["GET"]}}],"collection":[{"href":"http:\/\/uksopty.pl\/index.php?rest_route=\/wp\/v2\/pages"}],"about":[{"href":"http:\/\/uksopty.pl\/index.php?rest_route=\/wp\/v2\/types\/page"}],"author":[{"embeddable":true,"href":"http:\/\/uksopty.pl\/index.php?rest_route=\/wp\/v2\/users\/2"}],"replies":[{"embeddable":true,"href":"http:\/\/uksopty.pl\/index.php?rest_route=%2Fwp%2Fv2%2Fcomments&post=36"}],"version-history":[{"count":4,"href":"http:\/\/uksopty.pl\/index.php?rest_route=\/wp\/v2\/pages\/36\/revisions"}],"predecessor-version":[{"id":56,"href":"http:\/\/uksopty.pl\/index.php?rest_route=\/wp\/v2\/pages\/36\/revisions\/56"}],"wp:attachment":[{"href":"http:\/\/uksopty.pl\/index.php?rest_route=%2Fwp%2Fv2%2Fmedia&parent=36"}],"curies":[{"name":"wp","href":"https:\/\/api.w.org\/{rel}","templated":true}]}}